is s(5)?
70
Let o(f) = 14*f**2 + 7*f - 11. Calculate o(1).
10
Let q(n) = -n**3 + 7*n**2 - 8*n + 37. Determine q(6).
25
Let c(a) = -842*a + 4316. Calculate c(5).
106
Let b(a) = -15*a**2 + 40*a + 106. Calculate b(-3).
-149
Let j(k) = -k**2 - 10*k + 20. Give j(-7).
41
Let x(j) = -j**3 + 9*j**2 - 3*j - 19. Determine x(8).
21
Let c(i) = -3*i**3 + 30*i**2 - 49*i + 6. Give c(8).
-2
Let i(d) = -16*d**2 + 851*d - 162. Calculate i(53).
-3
Let c(y) = 2*y**3 + 66*y**2 - 67*y + 38. Calculate c(-34).
4
Let s(j) = -5*j - 323. Determine s(-47).
-88
Let u(n) = 2*n**2 - 100*n + 804. What is u(10)?
4
Let w(z) = -263*z**3 - 1. What is w(-1)?
262
Let b(c) = c**3 + 32*c**2 + 46*c + 518. Determine b(-31).
53
Let k(t) = -77*t + 693. Calculate k(9).
0
Let n(k) = k**2 + 151*k - 779. Determine n(5).
1
Let a(c) = -c**2 - 2611*c - 18232. What is a(-7)?
-4
Let g(c) = -c**3 - 10*c**2 - 737*c - 8222. Determine g(-11).
6
Let d(j) = -j**2 + 8*j + 288. Determine d(-13).
15
Let q(s) = -478*s**2 + 37*s - 38. Give q(1).
-479
Let v(b) = -b**3 + 20*b**2 + 7*b - 1180. What is v(11)?
-14
Let s(y) = -19*y + 77. Give s(10).
-113
Let r(a) = -18*a + 439. Calculate r(17).
133
Let x(y) = 3*y - 79. Give x(24).
-7
Let n(p) = 422*p + 5060. Determine n(-12).
-4
Let m(g) = g**2 - 98*g - 89. Give m(99).
10
Let i(g) = -2*g**2 + 48*g + 107. What is i(26)?
3
Let h(z) = -z + 22. Determine h(26).
-4
Let p(c) = -133*c + 748. Give p(5).
83
Let s(u) = 2*u**3 - 33*u**2 + 8*u - 446. What is s(17)?
-21
Let k(p) = -p**3 - 6*p**2 + 12*p - 18. Calculate k(-5).
-103
Let s(u) = -2*u**2 - 11*u + 686. Calculate s(19).
-245
Let w(d) = 25*d + 1753. Give w(-70).
3
Let r(k) = 177*k + 3192. What is r(-18)?
6
Let m(p) = p**3 + 5*p**2 - 41*p - 2. What is m(-9)?
43
Let z(a) = -670*a + 10068. Calculate z(15).
18
Let f(v) = v**2 + 23*v - 4034. What is f(53)?
-6
Let a(l) = -81*l**2 - 647*l + 17. What is a(-8)?
9
Let w(j) = -j**3 + 62*j**2 + 2*j - 127. Determine w(62).
-3
Let n(b) = -b**3 - 11*b**2 + b + 193. What is n(-9)?
22
Let g(k) = -32075*k - 833948. What is g(-26)?
2
Let j(g) = g**3 - 40*g**2 + 74*g + 74. Give j(38).
-2
Let y(h) = 40*h**3 - 3*h**2 - 4*h - 3. Calculate y(-1).
-42
Let m(o) = -30*o + 1387. Determine m(52).
-173
Let j(l) = -l**2 - 5*l - 34. Give j(-10).
-84
Let w(i) = -71*i + 294. What is w(4)?
10
Let w(i) = -3*i**2 + 12*i + 83. What is w(-7)?
-148
Let x(r) = 2*r**2 - 189*r - 481. Calculate x(97).
4
Let b(c) = -c**3 + 2*c**2 - 13*c + 299. What is b(6)?
77
Let j(f) = -104*f - 1469. What is j(-14)?
-13
Let b(d) = 3*d**3 + 13*d**2 + 4*d - 32. Determine b(-6).
-236
Let k(s) = -16*s**2 + 1424*s + 122. Give k(89).
122
Let p(b) = 150*b + 2718. Calculate p(-18).
18
Let d(x) = 50*x - 580. Calculate d(2).
-480
Let j(s) = 29*s + 115. What is j(-6)?
-59
Let z(n) = -n**2 - 438*n + 4. What is z(0)?
4
Let l(j) = 17*j - 282. Determine l(20).
58
Let r(m) = 4008*m + 44093. Give r(-11).
5
Let q(f) = 2*f**2 - 164*f - 1244. Determine q(-7).
2
Let j(v) = 6*v - 229. Determine j(27).
-67
Let n(o) = -o**3 - 10*o**2 + 20*o + 119. Give n(-11).
20
Let j(a) = -a**3 - 8*a**2 + 105*a - 6. Give j(-15).
-6
Let k(m) = -42*m + 358. Calculate k(9).
-20
Let n(q) = -254*q + 3271. What is n(13)?
-31
Let g(f) = -241*f - 953. Determine g(-4).
11
Let r(l) = 43*l + 741. Give r(-17).
10
Let t(d) = -3*d**2 + 45*d - 90. Determine t(2).
-12
Let z(r) = -r**2 + 60*r - 384. What is z(7)?
-13
Let x(i) = i**2 + 55*i - 291. Give x(5).
9
Let y(c) = 2*c**3 + 152*c**2 + 2794*c + 183. Calculate y(-45).
3
Let i(t) = 7*t**3 + 452*t**2 + 248*t - 507. Calculate i(-64).
5
Let c(z) = -z**3 + 16*z**2 - 11*z - 21. Calculate c(15).
39
Let n(j) = -j**2 + 2*j + 10. What is n(4)?
2
Let v(u) = 2*u**3 + 374*u**2 + 744*u + 734. Give v(-185).
-6
Let z(o) = -23*o - 89. Determine z(-7).
72
Let r(j) = j - 42. Calculate r(3).
-39
Let q(f) = -2*f**3 + 56*f**2 - 116*f - 37. Give q(26).
-349
Let s(q) = 17*q + 3612. What is s(-210)?
42
Let n(r) = 5*r**3 + r**2 + 115*r - 3. What is n(0)?
-3
Let l(x) = x**3 + 10*x**2 - 33*x - 16. Calculate l(4).
76
Let b(v) = v**2 + 45*v - 541. Determine b(-55).
9
Let b(p) = -658*p - 11845. What is b(-18)?
-1
Let l(t) = -5*t**2 - 3*t + 52. Determine l(-5).
-58
Let p(x) = 7*x**2 + 319*x + 104. Determine p(-45).
-76
Let p(d) = -d**3 + 6*d**2 + 437*d - 2175. Determine p(5).
35
Let g(y) = -2206*y + 33094. Give g(15).
4
Let y(x) = 282*x + 1692. Calculate y(-6).
0
Let x(d) = 3241*d + 12918. Calculate x(-4).
-46
Let s(q) = -260*q + 5985. Give s(23).
5
Let j(d) = -d**3 + 2*d**2 + 24*d - 25. Determine j(7).
-102
Let s(a) = 2648*a + 23834. What is s(-9)?
2
Let r(p) = -p**3 + 24*p**2 + 28*p - 1170. What is r(23)?
3
Let a(c) = -c**2 - 8*c - 14. What is a(-8)?
-14
Let t(l) = 378*l + 24579. What is t(-65)?
9
Let h(c) = 3*c**2 + 73*c + 20. Calculate h(-10).
-410
Let u(w) = 2*w**2 + 20*w + 114. Calculate u(-13).
192
Let q(z) = z**3 - 23*z**2 - 7*z + 56. Give q(23).
-105
Let l(n) = 98*n + 105. Give l(-1).
7
Let o(n) = n**3 + 10*n**2 - 69*n - 21. What is o(5)?
9
Let s(m) = -141*m - 10. What is s(1)?
-151
Let n(i) = 126*i + 7974. Give n(-63).
36
Let z(u) = 2*u**3 + 32*u**2 + 25*u - 111. What is z(-15)?
-36
Let h(u) = 26*u + 609. Give h(-12).
297
Let q(x) = -x**2 + 31*x - 270. Calculate q(9).
-72
Let a(r) = 2*r**3 - 22*r**2 + 6*r + 15. Determine a(11).
81
Let f(o) = -16*o**3 - 4*o**2 + 13*o + 15. Determine f(-3).
372
Let m(d) = 210*d - 1663. Determine m(8).
17
Let o(b) = 4*b**3 + 4*b**2 - b + 8. What is o(-3)?
-61
Let h(q) = -149*q + 280. Give h(2).
-18
Let r(x) = x**3 + 36*x**2 - 44*x - 222. Give r(-37).
37
Let j(y) = y**2 + 13*y + 14. What is j(-1)?
2
Let s(y) = y**3 - 39*y**2 - 3*y + 158. What is s(39)?
41
Let q(z) = -392*z + 2359. Determine q(6).
7
Let s(y) = -1745*y - 8721. What is s(-5)?
4
Let z(i) = -20*i**2 - 158*i + 21. Calculate z(-8).
5
Let u(y) = -y**3 + 12*y**2 - 11*y - 167. Give u(9).
-23
Let u(z) = z + 53. Determine u(0).
53
Let w(z) = -18*z - 207. What is w(-13)?
27
Let i(q) = 2*q**2 + 149*q - 64. Give i(-75).
11
Let j(v) = -1914*v - 11472. What is j(-6)?
12
Let g(n) = -719*n - 726. Calculate g(-1).
-7
Let l(c) = -3*c**2 - 31*c + 330. Give l(7).
-34
Let a(t) = 27*t + 3. Give a(-1).
-24
Let z(g) = 12*g - 47. Give z(7).
37
Let v(m) = -20*m - 890. Determine v(-45).
10
Let h(t) = -2071*t + 24848. Calculate h(12).
-4
Let z(p) = 25*p + 760. Give z(-30).
10
Let t(q) = -4*q**2 - 22*q - 18. Determine t(-9).
-144
Let p(l) = l**3 - 9*l**2 - 150*l + 896. Calculate p(5).
46
Let q(h) = -16*h - 855. Determine q(-35).
-295
Let r(z) = -23*z**2 + 2*z - 38. Determine r(4).
-398
Let l(x) = 15*x**2 + 15*x - 25. Give l(3).
155
Let l(v) = v**3 - 3*v**2 + 3*v + 5. Give l(2).
7
Let s(r) = -15*r**3 - r**2 + 101*r - 99. Determine s(1).
-14
Let x(o) = 13*o**2 - 550*o - 322. Determine x(43).
65
Let x(y) = 138*y**3 - y**2 - 9*y + 11. Determine x(1).
139
Let m(k) = 47403*k + 189607. What is m(-4)?
-5
Let t(u) = u**3 + 100*u**2 + 159*u + 15909. Give t(-100).
9
Let y(m) = 4*m**3 - 23*m**2 + 2*m - 49. Determine y(6).
-1
Let c(r) = -37*r**2 + 166*r + 101. Calculate c(5).
6
Let c(f) = -f**3 + 113*f**2 - 216*f - 670. What is c(111)?
-4
Let p(d) = -21*d - 171. What is p(8)?
-339
Let g(h) = -h**3 - 119*h**2 + 1567*h - 644. Determine g(-131).
11
Let h(p) = -2*p**2 - 141*p + 93. Give h(-71).
22
Let x(b) = -b**3 - 8*b**2 - 14*b - 13. What is x(-6)?
-1
Let l(k) = -2*k**3 + 234*k**2 + 230*k + 673. Calculate l(118).
-35
Let b(q) = q**3 + 11*q**2 - 726*q + 21. What is b(22)?
21
Let b(s) = -s**3 + 10*s**2 - 11*s - 21. Calculate b(3).
9
Let t(c) = -12*c + 105. Determine t(8).
9
Let q(r) = -r**3 + 54*r**2 - 44*r - 475. Calculate q(53).
2
Let u(x) = x**2 - 77*x - 732. What is u(-9)?
42
Let w(h) = 36*h + 211. Give w(-7).
-41
Let b(f) = -f**2 - 34*f - 238. Calculate b(-11).
15
Let d(n) = 5*n**2 - 117*n + 121. Calculate d(22).
-33
Let d(n) = 89*n + 500. Determine d(-6).
-34
Let a(i) = 68*i**2 + 8*i - 6. Give a(1).
70
Let u(q) = 2*q**3 - 19*q**2 + 8*q - 2. What is u(9)?
-11
Let n(o) = -2*o**2 - 108*o - 55. Give n(-58).
-519
Let m(y) = y**3 - 7*y**2 + 18*y - 19. What is m(4)?
5
Let b(m) = -288*m - 1459. What is b(-5)?
-19
Let s(r) = r**2 + 94*r - 3789. What is s(30)?
-69
Let y(q) = 3*q + 215. What is y(-42)?
89
Let z(l) = 15*l + 358. Give z(-25).
-17
Let r(z) = 2*z**3 - 252*z**2 + 494*z + 224. Give r(124).
